ue
Is 87 a factor of 37970245?
False
Is 4450032488 a multiple of 44?
True
Is 165571179 a multiple of 26?
False
Is 1249 a factor of 151129?
True
Does 11 divide 57457805?
False
Is 215 a factor of 1758055?
True
Is 9 a factor of 74592429?
False
Does 34 divide 23827448?
False
Is 54 a factor of 14867656?
False
Is 200 a factor of 28815144?
False
Is 16 a factor of 177104944?
True
Is 42323955 a multiple of 6843?
True
Does 35 divide 166000188?
False
Is 239706000 a multiple of 15?
True
Is 639690744 a multiple of 2596?
True
Is 435020948 a multiple of 2596?
False
Does 260 divide 123290461?
False
Is 9 a factor of 3604570911?
True
Does 7150 divide 633879023?
False
Is 40553860 a multiple of 10?
True
Does 147 divide 2008765290?
True
Is 521 a factor of 178451509?
False
Does 5 divide 709354504?
False
Is 2945 a factor of 1157333471?
False
Does 333 divide 461615859?
False
Is 5211 a factor of 967639683?
False
Does 68 divide 242984245?
False
Is 434 a factor of 912544024?
True
Is 66387660 a multiple of 20?
True
Does 440 divide 13542787?
False
Is 4573243671 a multiple of 1401?
True
Is 70 a factor of 253652210?
True
Is 2651470773 a multiple of 2081?
True
Is 750 a factor of 973829689?
False
Does 67 divide 71232763?
False
Is 105 a factor of 18953361?
False
Is 3606390 a multiple of 855?
True
Does 204 divide 2748285?
False
Does 25 divide 191140195?
False
Does 392 divide 10316924?
False
Does 22 divide 58377308?
True
Does 5 divide 12747023?
False
Is 15 a factor of 42097350?
True
Is 27612369 a multiple of 17?
True
Is 180 a factor of 6530835?
False
Is 418 a factor of 819698?
True
Does 277 divide 12980220?
True
Is 175 a factor of 3790500?
True
Is 542 a factor of 34634884?
True
Does 40 divide 146425416?
False
Is 92 a factor of 47470649?
False
Does 107 divide 19393857?
True
Is 371664007 a multiple of 43?
True
Is 2598 a factor of 75223569?
False
Does 759 divide 37304091?
True
Does 178 divide 20499548?
True
Does 532 divide 557593988?
True
Is 39 a factor of 176101926?
True
Is 293154732 a multiple of 12?
True
Is 110198520 a multiple of 690?
True
Is 21709676 a multiple of 188?
True
Is 35328946 a multiple of 29?
False
Does 73 divide 195384231?
False
Does 26 divide 2696355909?
False
Is 484997168 a multiple of 1618?
False
Is 691 a factor of 100143042?
False
Is 9 a factor of 838929636?
True
Does 57 divide 2493154?
False
Does 82 divide 2560386999?
False
Is 297 a factor of 112122846?
True
Is 324653328 a multiple of 4464?
True
Does 251 divide 348943309?
False
Is 25 a factor of 9511749?
False
Does 89 divide 11586643?
True
Does 1013 divide 9978540?
False
Is 7 a factor of 29193129?
True
Is 20 a factor of 112186897?
False
Does 85 divide 32498135?
True
Is 25 a factor of 1541660?
False
Is 7741877 even?
False
Does 624 divide 66797952?
True
Is 75 a factor of 104779500?
True
Is 21 a factor of 6090108?
False
Is 85772016 a multiple of 44?
True
Is 50442070 a multiple of 911?
True
Is 148777863 a multiple of 39?
True
Is 63 a factor of 860529663?
True
Does 3 divide 541194?
True
Is 97024859 a multiple of 21?
False
Is 115944266 a multiple of 922?
True
Does 1412 divide 64289568?
False
Does 53 divide 106838195?
True
Is 20033146 a multiple of 5?
False
Is 24205178 a multiple of 4607?
True
Is 540818340 a multiple of 30?
True
Is 53616846 a multiple of 4?
False
Is 2283 a factor of 2260030737?
True
Does 25 divide 108983892?
False
Is 80 a factor of 1120378098?
False
Does 19 divide 12845881?
True
Is 2366317 a multiple of 78?
False
Is 629 a factor of 25297122?
True
Is 149 a factor of 447079791?
False
Is 285 a factor of 17196045?
True
Is 1535 a factor of 1371700560?
True
Is 967 a factor of 169703840?
False
Is 103673034 a multiple of 243?
True
Does 2 divide 10856546?
True
Is 62 a factor of 65415010?
False
Is 83791663 a multiple of 5414?
False
Is 25112552 a multiple of 365?
False
Is 1631 a factor of 941483321?
False
Is 342 a factor of 12621852?
True
Does 6047 divide 47809606?
False
Does 65 divide 70837910?
True
Is 137 a factor of 13229657?
False
Is 1837 a factor of 7662127?
True
Is 3910 a factor of 392786870?
True
Is 491 a factor of 404813405?
False
Does 42 divide 2306175963?
False
Is 69658654 a multiple of 92?
False
Does 2 divide 18402872?
True
Is 2842979 a multiple of 884?
False
Is 2 a factor of 2001528?
True
Is 13 a factor of 148669885?
True
Is 379 a factor of 44225367?
False
Is 140 a factor of 98060541?
False
Is 44 a factor of 201313904?
True
Does 1134 divide 3532946382?
True
Is 14424053 a multiple of 1153?
False
Does 257 divide 91594543?
True
Is 311725592 a multiple of 202?
True
Is 752146780 a multiple of 77?
True
Is 71451562 a multiple of 30?
False
Is 118 a factor of 7464562?
True
Is 12 a factor of 5096951?
False
Is 1628578865 a multiple of 14?
False
Is 1276988725 a multiple of 25?
True
Is 7 a factor of 35141271?
False
Is 13 a factor of 2614301362?
False
Is 314418132 a multiple of 14?
True
Is 47 a factor of 1403326?
True
Is 750996174 a multiple of 282?
True
Is 35 a factor of 128317299?
False
Does 189 divide 368784215?
False
Is 26961336 a multiple of 1206?
True
Is 11390 a factor of 2438808821?
False
Is 1416 a factor of 76061379?
False
Is 10229362 a multiple of 22?
True
Is 55 a factor of 2357696?
False
Is 230844720 a multiple of 240?
True
Is 9886952 a multiple of 956?
True
Is 68 a factor of 58897996?
True
Is 652327294 a multiple of 5?
False
Does 41 divide 33346488?
False
Is 135 a factor of 56282715?
True
Does 350 divide 10609200?
True
Does 41 divide 43355055?
False
Is 17 a factor of 609664013?
True
Is 3479944554 a multiple of 443?
False
Is 3840813 a multiple of 9?
True
Does 46 divide 13139211?
False
Is 20551842 a multiple of 24?
False
Does 25 divide 568712375?
True
Is 74670358 a multiple of 34?
True
Is 121 a factor of 1667274273?
False
Is 527579226 a multiple of 74?
True
Is 3511800 a multiple of 100?
True
Is 61323624 a multiple of 18?
True
Is 1152 a factor of 23070699?
False
Is 3515 a factor of 447280235?
True
Is 507 a factor of 70210881?
True
Is 288 a factor of 30625920?
True
Does 3566 divide 170125729?
False
Is 202 a factor of 11541674?
True
Is 21414000 a multiple of 60?
True
Does 247 divide 20850505?
True
Is 130718218 a multiple of 876?
False
Is 33 a factor of 2595174112?
False
Is 5 a factor of 13178767?
False
Does 194 divide 22836904?
True
Is 324574245 a multiple of 45?
True
Does 2858 divide 258870859?
False
Does 3367 divide 1469379789?
False
Is 551072299 a multiple of 189?
False
Does 1459 divide 13640728?
False
Does 1045 divide 27157460?
True
Does 5 divide 9586950?
True
Does 30 divide 4950112087?
False
Is 37 a factor of 735646432?
True
Does 2 divide 4092432?
True
Does 8 divide 3334864?
True
Is 218 a factor of 531048360?
False
Does 107 divide 248411307?
True
Is 1563978232 a multiple of 4684?
True
Does 3647 divide 93913897?
True
Does 42 divide 275419627?
False
Does 259 divide 96477853?
False
Is 93889635 a multiple of 21?
True
Does 6 divide 34170530?
False
Is 71814357 a multiple of 2?
False
Is 10676 a factor of 982531212?
False
Does 1306 divide 213062146?
True
Is 77449185 a multiple of 9?
True
Does 142 divide 3166096?
False
Is 1062 a factor of 998907610?
False
Is 696 a factor of 834892990?
False
Does 25 divide 32699817?
False
Is 18038952 a multiple of 595?
False
Is 42352473 a multiple of 1245?
False
Is 127056357 a multiple of 205?
False
Does 75 divide 38952522?
False
Does 1730 divide 63042930?
True
Is 243632200 a multiple of 1414?
True
Is 178385675 a multiple of 1945?
True
Is 63693292 a multiple of 52?
True
Does 336 divide 136894503?
False
Is 4 a factor of 413351263?
False
Does 3349 divide 287904439?
False
Is 8 a factor of 51926584?
True
Does 61 divide 125100630?
True
Is 37636961 a multiple of 3?
False
Does 137 divide 94123658?
True
Is 252224627 a multiple of 3966?
False
Is 30 a factor of 8786799?
False
Does 2 divide 12889999?
False
Is 660244272 a multiple of 16?
True
Is 843 a factor of 2230578?
True
Does 126 divide 18135709?
False
Is 38931726 a multiple of 110?
False
Does 15 divide 279038715?
True
Is 19 a factor of 3287270617?
True
Is 122 a factor of 372992918?
True
Is 494243353 a multiple of 8737?
True
Is 29243976 a multiple of 9?
False
Is 50 a factor of 1885406724?
False
Does 724 divide 286900896?
False
Does 12686 divide 2834521782?
True
Does 2397 divide 15266493?
True
Does 437 divide 218203413?
False
Does 1